digit of 68189?
6
What is the tens digit of 6193?
9
What is the units digit of 9671?
1
What is the ten thousands digit of 19009?
1
What is the thousands digit of 4527?
4
What is the hundreds digit of 19128?
1
What is the tens digit of 78401?
0
What is the units digit of 8788?
8
What is the tens digit of 1739?
3
What is the thousands digit of 18343?
8
What is the ten thousands digit of 10167?
1
What is the thousands digit of 26881?
6
What is the hundreds digit of 7420?
4
What is the tens digit of 78903?
0
What is the tens digit of 2191?
9
What is the hundreds digit of 24382?
3
What is the units digit of 34889?
9
What is the tens digit of 239?
3
What is the units digit of 3226?
6
What is the thousands digit of 10046?
0
What is the units digit of 3750?
0
What is the tens digit of 4486?
8
What is the hundreds digit of 703?
7
What is the units digit of 57534?
4
What is the hundreds digit of 2692?
6
What is the ten thousands digit of 18151?
1
What is the thousands digit of 57190?
7
What is the units digit of 353?
3
What is the thousands digit of 7323?
7
What is the hundred thousands digit of 100443?
1
What is the units digit of 483?
3
What is the hundreds digit of 1032?
0
What is the hundred thousands digit of 169212?
1
What is the ten thousands digit of 40314?
4
What is the thousands digit of 11476?
1
What is the tens digit of 1121?
2
What is the units digit of 295?
5
What is the hundreds digit of 21184?
1
What is the thousands digit of 7316?
7
What is the units digit of 576?
6
What is the tens digit of 3981?
8
What is the hundreds digit of 2782?
7
What is the thousands digit of 4061?
4
What is the tens digit of 502?
0
What is the hundreds digit of 4979?
9
What is the tens digit of 1151?
5
What is the ten thousands digit of 12201?
1
What is the tens digit of 5796?
9
What is the tens digit of 407?
0
What is the thousands digit of 4919?
4
What is the tens digit of 3737?
3
What is the hundreds digit of 88664?
6
What is the hundreds digit of 6469?
4
What is the tens digit of 978?
7
What is the tens digit of 94?
9
What is the tens digit of 10684?
8
What is the tens digit of 12330?
3
What is the units digit of 74280?
0
What is the thousands digit of 19288?
9
What is the tens digit of 2860?
6
What is the thousands digit of 12992?
2
What is the units digit of 517?
7
What is the hundreds digit of 5060?
0
What is the units digit of 827?
7
What is the hundreds digit of 5103?
1
What is the units digit of 138041?
1
What is the hundred thousands digit of 132066?
1
What is the tens digit of 15011?
1
What is the hundreds digit of 2085?
0
What is the ten thousands digit of 14886?
1
What is the ten thousands digit of 11868?
1
What is the tens digit of 1213?
1
What is the hundreds digit of 334?
3
What is the hundreds digit of 746?
7
What is the tens digit of 52245?
4
What is the units digit of 3541?
1
What is the ten thousands digit of 108590?
0
What is the hundreds digit of 480?
4
What is the tens digit of 18837?
3
What is the tens digit of 164?
6
What is the hundreds digit of 9867?
8
What is the tens digit of 6587?
8
What is the units digit of 364?
4
What is the hundreds digit of 17169?
1
What is the units digit of 49446?
6
What is the hundreds digit of 74077?
0
What is the units digit of 302?
2
What is the ten thousands digit of 22285?
2
What is the tens digit of 6086?
8
What is the thousands digit of 28122?
8
What is the units digit of 14311?
1
What is the tens digit of 5815?
1
What is the hundreds digit of 16702?
7
What is the tens digit of 25?
2
What is the tens digit of 571?
7
What is the tens digit of 621?
2
What is the units digit of 1799?
9
What is the tens digit of 1131?
3
What is the ten thousands digit of 21625?
2
What is the hundreds digit of 1008?
0
What is the tens digit of 550?
5
What is the units digit of 1?
1
What is the tens digit of 8737?
3
What is the units digit of 645?
5
What is the units digit of 2214?
4
What is the units digit of 2590?
0
What is the hundreds digit of 981?
9
What is the thousands digit of 38639?
8
What is the tens digit of 274?
7
What is the hundreds digit of 178347?
3
What is the hundreds digit of 830?
8
What is the units digit of 3641?
1
What is the units digit of 29643?
3
What is the thousands digit of 3086?
3
What is the hundreds digit of 9732?
7
What is the hundreds digit of 17425?
4
What is the units digit of 872?
2
What is the ten thousands digit of 15067?
1
What is the thousands digit of 65885?
5
What is the units digit of 2096?
6
What is the units digit of 18641?
1
What is the tens digit of 1033?
3
What is the hundreds digit of 27246?
2
What is the hundreds digit of 81614?
6
What is the units digit of 466?
6
What is the thousands digit of 100280?
0
What is the units digit of 26255?
5
What is the ten thousands digit of 66747?
6
What is the units digit of 15972?
2
What is the units digit of 5318?
8
What is the thousands digit of 5296?
5
What is the hundreds digit of 1029?
0
What is the tens digit of 33390?
9
What is the thousands digit of 27943?
7
What is the units digit of 9262?
2
What is the hundreds digit of 61498?
4
What is the thousands digit of 105552?
5
What is the hundreds digit of 2592?
5
What is the hundreds digit of 2787?
7
What is the ten thousands digit of 53071?
5
What is the tens digit of 35189?
8
What is the tens digit of 29056?
5
What is the units digit of 2680?
0
What is the units digit of 164396?
6
What is the tens digit of 6917?
1
What is the units digit of 25265?
5
What is the tens digit of 25468?
6
What is the ten thousands digit of 35572?
3
What is the hundreds digit of 2688?
6
What is the tens digit of 660?
6
What is the tens digit of 35567?
6
What is the tens digit of 30245?
4
What is the units digit of 7631?
1
What is the units digit of 40770?
0
What is the thousands digit of 1409?
1
What is the tens digit of 1922?
2
What is the units digit of 22573?
3
What is the tens digit of 1925?
2
What is the thousands digit of 50339?
0
What is the tens digit of 1358?
5
What is the units digit of 9220?
0
What is the hundreds digit of 2557?
5
What is the hundreds digit of 40247?
2
What is the thousands digit of 1353?
1
What is the hundreds digit of 524?
5
What is the tens digit of 4143?
4
What is the hundreds digit of 7899?
8
What is the units digit of 334?
4
What is the thousands digit of 1304?
1
What is the hundreds digit of 15617?
6
What is the tens digit of 6125?
2
What is the ten thousands digit of 53410?
5
What is the hundreds digit of 25328?
3
What is the tens digit of 2702?
0
What is the thousands digit of 2835?
2
What is the thousands digit of 125252?
5
What is the tens digit of 11191?
9
What is the units digit of 11567?
7
What is the hundreds digit of 3990?
9
What is the units digit of 22665?
5
What is the thousands digit of 9839?
9
What is the units digit of 6662?
2
What is the hundreds digit of 4567?
5
What is the thousands digit of 74843?
4
What is the hundreds digit of 2537?
5
What is the tens digit of 114626?
2
What is the ten thousands digit of 48712?
4
What is the units digit of 12410?
0
What is the units digit of 8492?
2
What is the tens digit of 2840?
4
What is the hundreds digit of 13693?
6
What is the hundreds digit of 588?
5
What is the units digit of 10655?
5
What is the units digit of 36253?
3
What is the tens digit of 1737?
3
What is the units digit of 68790?
0
What is the ten thousands digit of 15711?
1
What is the units digit of 3196?
6
What is the hundreds digit of 38997?
9
What is the thousands digit of 1194?
1
What is the units digit of 1250?
0
What is the ten thousands digit of 88440?
8
What is the tens digit of 501?
0
What is the thousands digit of 5396?
5
What is the ten thousands digit of 11780?
1
What is the hundreds digit of 22072?
0
What is the tens digit of 12412?
1
What is the hundreds digit of 1135?
1
What is the thousands digit of 10812?
0
What is the tens digit of 864?
6
What is the thousands digit of 26400?
6
What is the thousands digit of 3496?
3
What is the thousands digit of 32475?
2
What is the tens digit of 539?
3
What is the units digit of 22794?
4
What is the thousands digit of 34839?
4
What is the ten thousands digit of 125211?
2
What is the tens digit of 10148?
4
What is the hundreds digit of 6368?
3
What is the thousands digit of 2410?
2
What is the